eatest common divisor of 8 and s.
8
Suppose 16*f - 1710 = f. Suppose -18*g + f = -15*g. Calculate the greatest common divisor of g and 19.
19
Let a(s) = 3*s**3 - 2*s**2 + 3*s - 3. Let y be a(2). Calculate the greatest common divisor of y and 361.
19
Let v be (-2)/(-4) - 0 - 2/4. Suppose l - 36 - 32 = v. Calculate the highest common factor of 17 and l.
17
Suppose -36*f + 31*f - 15 = 0, 21 = 2*y - 5*f. What is the greatest common factor of 75 and y?
3
Let w(h) = -h**2 - 13*h - 26. Let r be w(-10). Let i be r/(-10) + 333/45. What is the greatest common divisor of i and 28?
7
Let x(p) = -p**2 + 10*p - 11. Let w be x(8). Suppose 4*t - 146 = -18. Let a = t + -12. Calculate the highest common divisor of a and w.
5
Let i(z) be the second derivative of -z**4/12 - 5*z**3/3 - 7*z**2/2 + 4*z. Let v be i(-11). Let j = 8 - v. Calculate the greatest common divisor of j and 39.
13
Let d(y) = y**2 - 16*y + 9. Let q be d(19). What is the highest common divisor of 1 and q?
1
Let z be (9 - -37)*5/2. Let j = -174 + z. Let t = -29 - j. Calculate the highest common divisor of t and 10.
10
Suppose -42 = -9*q + 201. Let i = -226 - -550. What is the greatest common factor of q and i?
27
Suppose 0 = 5*p + u + 177, 5*p + 186 = 3*u - u. Let m = -21 - p. Let b(l) = 5*l**2 - 2*l - 2. Let d be b(-1). What is the highest common divisor of m and d?
5
Let t be (-3220)/30*((-68)/14 + 4). Calculate the highest common factor of 4 and t.
4
Let u be (-22)/((-15)/(-6) - 3). Let q(x) = x**2 + 5*x + 4. Let m be q(-4). Let a be 220/2 + m/(-7). What is the highest common factor of a and u?
22
Suppose -3*l = -2*l. Suppose l = 6*t - 4*t - 12. Let x = 14 - t. What is the greatest common divisor of 4 and x?
4
Suppose 5*g + 0*g - 122 = -4*c, -4*c - g = -130. Let h = 9 - -13. What is the greatest common divisor of h and c?
11
Suppose -4*k + b = -b - 148, 0 = -3*b - 6. Let t = k + 30. What is the greatest common factor of t and 6?
6
Let x be 70 + -6 + 8/2. Calculate the greatest common factor of x and 170.
34
Let m(s) = -2*s**2 - 28*s + 32. Let h be m(-14). Calculate the greatest common factor of h and 272.
16
Let n be 126/10 - (-3)/(-5). Suppose -8*u = -4*u - n. Suppose u*f - 20 = 13. Calculate the highest common divisor of f and 11.
11
Let g(a) = -a**3 - a**2 + 3*a + 65. Let r be g(0). What is the greatest common factor of r and 5?
5
Let t = 60 - 36. Let q = 34 - t. Calculate the highest common factor of q and 5.
5
Suppose -2*j + 11 + 3 = 0. Suppose 5*p - 18 - j = 0. Suppose 10*f - 35 = p*f. Calculate the greatest common factor of 28 and f.
7
Suppose -2*k - 16 = -0. Let l be (4/k)/((-2)/5328). Let h be 4/10 + l/45. Calculate the highest common factor of 45 and h.
15
Let o(j) = j**3 + 31*j**2 - 10*j - 156. Let f be o(-17). What is the highest common factor of f and 14?
14
Let s = -31 - -33. Suppose -t + 5*t - 4 = 0. Let q be -1*(-1)/(2 - t). What is the greatest common divisor of s and q?
1
Suppose 14658 = 27*o - 489. Calculate the greatest common factor of o and 33.
33
Let w be (-32)/(-10) - (-23)/(-115). Let v be (-3 - w)/((-3)/2) - 3. Calculate the greatest common divisor of 11 and v.
1
Let t(p) = 4*p**2 - 5*p - 4. Let c be t(6). Suppose 8*w - 98 = -5*s + 4*w, -4*s = 3*w - 79. What is the highest common divisor of c and s?
22
Suppose m + 125 + 15 = 0. Suppose 0 = 7*c - 8*c, -5*o + c = -1060. Let s = m + o. Calculate the greatest common divisor of s and 8.
8
Let h be 0 - (-5)/((-10)/(-42)). Let z = h - -18. Let l(w) = 7*w + 27. Let x be l(-2). What is the highest common factor of x and z?
13
Let d(o) = -13*o + 409. Let z be d(25). Calculate the highest common factor of z and 189.
21
Suppose 0 = 10*f + 53 - 1323. Let c = 235 - f. Calculate the highest common divisor of c and 12.
12
Let o be ((-12)/(-9))/(3/36). What is the highest common factor of 272 and o?
16
Let v be 2 - 3 - (-15 + 1). Let j be (0 - (-26)/4)*130. Suppose -14*p + j = -p. Calculate the highest common divisor of v and p.
13
Suppose 5*q - 175 + 65 = 0. Suppose 4*l - 20 - 24 = 0. What is the greatest common divisor of q and l?
11
Suppose -2051 = 8*q + 181. Suppose 5*b + 5 = 10, -3*z - 5*b - 292 = 0. Let c = z - q. What is the greatest common divisor of 36 and c?
36
Let q be (-62)/((1 - 4) + 5). Let k = q + 48. Calculate the greatest common divisor of k and 34.
17
Let u = -25 + 23. Let x be 62 - u - (-6 - -5). Let b = 51 - 25. Calculate the highest common factor of x and b.
13
Let v = -140 + 244. Let z be 16/v - (-102)/13. Calculate the highest common factor of 72 and z.
8
Suppose -10*h + 231 = -3*h. Let a = h + -31. Suppose p + 2 = 3*p, -a*l + p = -255. What is the greatest common factor of 16 and l?
16
Let f be 264/(-88)*(-68 - 1). Calculate the greatest common divisor of f and 36.
9
Suppose 44*r - 9*r = 980. What is the greatest common factor of 6 and r?
2
Let o be 8/(-52) + 216/52. Suppose -v = -o*v + 228. What is the highest common divisor of 190 and v?
38
Let k(w) = 4*w**2 + 6*w - 9. Let s be k(-4). What is the greatest common divisor of 589 and s?
31
Let x be -5 - -20 - (3/(-3) - 1). What is the highest common factor of x and 17?
17
Suppose -3 + 0 = -l. Suppose 5*h - 1836 = -4*i, -l*h - h = -2*i - 1448. Let a be (-4)/18 - h/(-18). What is the greatest common divisor of a and 2?
2
Suppose 8*v - 118 - 410 = 0. Calculate the greatest common factor of 198 and v.
66
Let x = 1088 + -440. What is the highest common factor of x and 24?
24
Suppose d = -2*d + 72. Suppose 2*i + 31 = 5*o, 5 = -o - 5*i - 5. Suppose 4*m = b + 1775 - 716, -o*m + 1314 = 2*b. What is the highest common factor of d and m?
24
Let f(t) be the second derivative of -t**4/12 - t**3 + 23*t**2/2 + 8*t. Let a be f(-8). What is the highest common factor of 35 and a?
7
Suppose 0 = -13*y + 8 + 70. Suppose -o + 3*j = -4, -j + 13 = 5*o + 73. Let i be 1/(-1)*(o - 1). Calculate the highest common divisor of i and y.
6
Let l(q) = -3*q - 5. Let d be l(-6). Let k be ((-12)/18)/(4/42). Let a(s) = -8*s - 4. Let j be a(k). What is the highest common divisor of d and j?
13
Suppose 5*c = 15 - 235. Let r = 45 + c. Calculate the greatest common divisor of r and 11.
1
Suppose -3*y = -6*y + 21. Suppose 75 = 5*w + 3*z, 3*w = 2*z - y*z + 61. Calculate the greatest common divisor of 108 and w.
12
Suppose 2*t - 5*t = -6. Suppose -t = 3*h - h. Let i be (-4)/(-4)*2 - h. Calculate the greatest common divisor of 2 and i.
1
Suppose 0*h - 6*h = -972. Suppose -8*d = d - h. Suppose -5*j + 4 + 6 = 0. Calculate the highest common factor of j and d.
2
Suppose 4*p = 5*r + 12386, 3*p - 5108 = -4*r + 4166. What is the greatest common divisor of p and 13?
13
Let k = 128 + -107. Let o be (-72)/14*(-392)/12. What is the greatest common factor of k and o?
21
Suppose -2*h = 4*n - 1076, -3*n + 519 = -5*h - 301. What is the greatest common factor of n and 360?
90
Suppose 3*f + 4*u + 79 = 0, -157 = 4*f + u - 6*u. Let c = 219 + -173. Let z be (c/(-6))/(1/f). Calculate the highest common factor of z and 23.
23
Let o be 4/(-6) - (-256)/6. Suppose 2*n + 187 = -5*w, -4*w = -3*n - 2*n - 517. Let a = 122 + n. Calculate the greatest common divisor of a and o.
21
Let c = 667 + -639. What is the greatest common factor of 476 and c?
28
Suppose 0 = -a + 4*y + 3, 0 = 2*y - 3*y. Let g be -1*1 - 3/(-1). Suppose 5*z - q - 15 = 0, -z + 4 = g*q + 1. Calculate the greatest common factor of a and z.
3
Let a(l) = 70*l - 331. Let v be a(6). What is the highest common factor of 1157 and v?
89
Let c(d) = -2*d**3 - 5*d**2 - 8*d - 12. Let m be c(-6). What is the greatest common factor of m and 108?
36
Suppose 3*c - 133 = -h, 4*c - 265 = -2*h - c. Calculate the greatest common divisor of h and 26.
26
Let z = 1 - -5. Suppose -z*k - 186 = -4*k - 3*d, d + 2 = 0. Let q be k/9*(-27)/2. Calculate the highest common factor of q and 16.
16
Let p = -417 - -476. What is the highest common divisor of p and 1?
1
Suppose -11 + 3 = -4*w. Suppose w*v - 3*v = -91. Suppose v = 5*b - 4. Calculate the highest common factor of 38 and b.
19
Let l be 2 - 1 - -1 - -20. Let k(s) = 2*s**2 + 57*s + 532. Let f be k(-16). What is the highest common factor of f and l?
22
Let h be 7 + 120/28*(-28)/(-1). What is the highest common divisor of 4953 and h?
127
Suppose w = 7*w - 6630. Calculate the greatest common factor of 65 and w.
65
Let c = -232 + 237. What is